2 + 2*s - 1. List the prime factors of d(g).
47
Suppose 3 = k - 1. What are the prime factors of k?
2
List the prime factors of 74/14 - 4/14.
5
Let u = 4 - 5. Let o(b) be the third derivative of -b**6/15 + b**4/24 + b**3/6 + 2*b**2. What are the prime factors of o(u)?
2
Let s(z) = 2*z**2 - z**2 + 4*z + 2*z. What are the prime factors of s(-7)?
7
Let w = -47 - -28. Let r = 34 + w. Let g = -4 + r. List the prime factors of g.
11
Let p(i) = 2*i**2 + 4 - 4*i + 0*i**2 + 0*i**2. Let h = 2 - -1. What are the prime factors of p(h)?
2, 5
List the prime factors of 121 - (3 + (-4)/(-4)*-2).
2, 3, 5
Suppose -2*x - x = -o - 268, x = -2*o + 87. What are the prime factors of x?
89
What are the prime factors of (18/8)/(3/24)?
2, 3
Let q = 91 + -25. Suppose -m = 2*f - 7, -3*f - 2*m = 3*m. Suppose 14 + q = f*n. What are the prime factors of n?
2
Let c be (-2)/9 + 60/27. Let g = 2 - c. Let b = 6 + g. List the prime factors of b.
2, 3
Suppose 0 = -5*m + 4 - 39. Let b = m - -10. Let l = 3 + b. What are the prime factors of l?
2, 3
Suppose j - 6*j + 5 = 0. Suppose 0 = 4*t - 137 + j. List the prime factors of t.
2, 17
Let v = -10 - -15. What are the prime factors of -15*-3*3/v?
3
Suppose -6 = l - 4*l. Suppose -x + 33 = 3*g, x + l*g = -x + 46. List the prime factors of x.
2, 3
List the prime factors of (-720)/(-25) - (-1)/5.
29
Suppose 3*j - 4*j + 3 = 0. Let t = j + 2. Let f(i) = 2*i - 4. List the prime factors of f(t).
2, 3
Let z(w) = w**3 + 13*w**2 + 12*w. Let u be z(-12). Suppose -2*r + 22 = -u*x - x, 3*x = 6. What are the prime factors of r?
2, 3
Let l(a) = a**3 + 3*a**2 - 4*a + 1. Let b be l(-4). Suppose -15 = 2*q + 3*q. What are the prime factors of 1/(-1)*b - q?
2
Let v(j) = j**2 - 4. Let y be v(3). Suppose -5 = -4*l + x, 2*x + 1 - 17 = -y*l. What are the prime factors of l?
2
Let u(k) be the first derivative of -k**4/4 + 2*k**3 - k**2 + 2. What are the prime factors of u(4)?
2, 3
Let s(x) = 2*x**3 - 4*x**2 + 5*x + 4. Let q be s(4). Suppose -3*u - u = -q. Let c = -12 + u. What are the prime factors of c?
2, 5
Suppose 5 = -0*t + 5*t. Let y = 3 - t. Suppose 3*x + x = -4*g + 4, 2*x + 4*g + y = 0. What are the prime factors of x?
3
Let k = 6 - 3. Suppose 0 = h + 4*h - 30. Suppose 2*f + h = 0, -o = 4*f - k*f - 4. What are the prime factors of o?
7
Let m = 17 - -18. What are the prime factors of m?
5, 7
Let u(r) be the second derivative of -r**5/20 + 11*r**4/12 + 7*r**3/3 + 3*r**2 - r. What are the prime factors of u(12)?
2, 3, 5
Suppose 2*c = 4*x + 4*c - 64, 3*c = 0. What are the prime factors of x?
2
Let v(t) = 11*t + 2. Let a be v(-3). Suppose -4*z = 2*z + 102. Let p = z - a. What are the prime factors of p?
2, 7
Let u be 51/7 + (-4)/14. Let d(y) = y - 12. Let v be d(9). Let h = v + u. What are the prime factors of h?
2
Suppose -4*c = -4*n - 16, -4*c + 0*n = -2*n - 10. Let w = 5 - c. Suppose a = -2, 3*v - w*a = -2*a + 55. What are the prime factors of v?
17
Let u(m) = 76*m**2 + m + 2. List the prime factors of u(-1).
7, 11
Let n be (4/6)/(2/3). Let r = n - -10. List the prime factors of r.
11
Let p be (-1)/2*-46*1. Let x = p + -43. Let g = 34 + x. What are the prime factors of g?
2, 7
Let q(t) = 3*t**2 + 6*t - 7. What are the prime factors of q(-5)?
2, 19
Suppose 0 = -5*y - 268 + 1833. List the prime factors of y.
313
Let u = 8 + -4. Suppose -u*s + 123 = 39. List the prime factors of s.
3, 7
Suppose -37 = -a - j + 21, 2*a - 118 = -j. List the prime factors of a.
2, 3, 5
Let w = -10 + 17. Let h(c) = w + 5*c**2 - 7*c - 12*c**3 + 13*c**3 - 2. What are the prime factors of h(-6)?
11
Let q(s) = -s - 4. Let b be q(-6). Suppose b*o - 12 = -2*o. List the prime factors of o.
3
Let c = 8 - 5. Suppose -6*v + 84 = -c*v + 2*p, v = 2*p + 20. What are the prime factors of v?
2, 13
Let w be (-1*3)/((-6)/(-4)). Let i be 12/(1 + 0)*(-16)/(-3). What are the prime factors of ((-2)/4)/(w/i)?
2
Let u(z) = -10 + 44*z - 7*z**2 + z**3 - z**2 - 33*z. List the prime factors of u(7).
2, 3
Let l be ((-3)/3)/((-2)/14). Suppose -5*c - 2 = 4*r, 2*c + 0*r - l = r. Suppose 0 = 2*d - 4*i - 6, 3*i - c*i = -2*d + 16. List the prime factors of d.
7
Let j be (2/(-5))/((-3)/60). Suppose -5*q + 48 = j. Suppose -q - 8 = -2*p. What are the prime factors of p?
2
Let s be 0 - (-4 + 2/2). Let b be (s - 2)/(2 + -1). List the prime factors of (0 - (-1 + b)) + 4.
2
Suppose -5*u = r + 13, 0*u = 5*u - 5*r + 25. Let y be (u/(-2))/(2/24). Suppose 0 = -3*x + 24 + y. List the prime factors of x.
2, 7
Let l be (-5)/(-7) - 12/(-42). What are the prime factors of ((-40)/24)/(l/(-3))?
5
Let w(n) = -n - 6. Let y be w(-6). Suppose 4 = -y*d + d. Suppose -d*f - i + 58 = i, 0 = -5*f + 4*i + 66. List the prime factors of f.
2, 7
Let h(d) = 19*d**3 - 5*d + 2. What are the prime factors of h(2)?
2, 3
Suppose -16 - 249 = -5*j. List the prime factors of j.
53
Let q = 1 + 1. Suppose -g - 1 + q = 0. List the prime factors of (3/g)/((-12)/(-32)).
2
Let a(x) = -7*x + 2. What are the prime factors of a(-3)?
23
List the prime factors of 11 - 6*1/(-2).
2, 7
Let x be 27 + 4*12/16. List the prime factors of ((-80)/x)/(2/(-15)).
2, 5
Let d = 65 - 58. What are the prime factors of d?
7
List the prime factors of 1650/6 - -2*(-2)/(-2).
277
Suppose -2*f + 6*f - 4*n = 112, -4*f - 5*n = -130. Let w = f + -14. Suppose -w = -3*h + 2. What are the prime factors of h?
2, 3
Let u(v) = 6*v - 11. Let b be u(8). Suppose 2*g = 2*j + 34, -b = -g - g + 5*j. List the prime factors of g.
2
Suppose -3*c - 3*c = -1032. What are the prime factors of c?
2, 43
Let u be (-178)/(-10) - 1/(-5). Suppose o - 5*o - 5*k - 3 = 0, o - 5*k - u = 0. What are the prime factors of (2/o)/(2/36)?
2, 3
Suppose 8*n - 3*n = 190. List the prime factors of n.
2, 19
Suppose -4*u + 100 = 8. Let x be 231/9 - (-2)/(-3). Suppose -4*j + x = -u. List the prime factors of j.
2, 3
Suppose 3*k - d + 0*d = -37, 5*k + 58 = -2*d. Let y = k - -9. List the prime factors of y/6 - (-86)/4.
3, 7
Suppose 5*l - 2*u - 8 = 2*l, -3*l + 22 = 5*u. Suppose -3*y + l + 14 = i, 5*i - 154 = y. What are the prime factors of i?
2, 3, 5
Let d(w) = w**2 - 4*w - 5. What are the prime factors of d(-2)?
7
Suppose 5*u + 0*u - 4*i - 194 = 0, -156 = -4*u + 4*i. Let d = 82 - u. Suppose 0 = 4*a + 4*z - d, 3*a - 2*a - 17 = -3*z. What are the prime factors of a?
2
Let b(g) = g. Let m be b(9). Let v = -1 + m. What are the prime factors of v?
2
Let q be (-3)/1*(-2 - -1). Suppose q*x - 7 = 2. What are the prime factors of x?
3
Let v(n) = n**3 + 12*n**2 - 10*n + 4. Let w be v(-13). Let z = 81 + w. List the prime factors of z.
2, 23
Let i(k) = -k**2 - k**3 + 0 + 3*k + 0*k**3 + 3. List the prime factors of i(-3).
2, 3
Suppose -2*i + 10 = 3*i. Suppose 13 = i*h + 69. Let f = 39 + h. List the prime factors of f.
11
Suppose 21 = y - 148. List the prime factors of y.
13
Suppose -5*v = 3*q - 125 + 3, -2*q = -5*v - 48. List the prime factors of q.
2, 17
What are the prime factors of 2/(-1 + (-117)/(-115))?
5, 23
Suppose -4*f + 3*o = 1, -5*f - 3*o + 18 = -1. Suppose 3*h - 41 = 2*w, -2*w = 2*h + 7 - 41. Suppose -7*k + h = -f*k. What are the prime factors of k?
3
Suppose 0*b + 4*r + 12 = 5*b, 0 = 4*r + 12. Let k = 6 + 13. Suppose b = 4*h - 33 - k. What are the prime factors of h?
13
Let q be 20/9 - 12/54. Suppose -3*k = -q*k - 14. List the prime factors of k.
2, 7
List the prime factors of 5*(4 - (-88)/20).
2, 3, 7
Let f(c) = c**2 - 2*c + 2. Let l be 4/6*(5 + 1). What are the prime factors of f(l)?
2, 5
Suppose -24 = -3*p + 3*b, -2*p - 2*b + 32 = 2*p. List the prime factors of (-8)/((p/2)/(-20)).
2, 5
Let a(p) = -p**2 - p - 3. Let u be a(0). Let g(w) = -2*w**3 - 2*w**2 + 5*w - 1. What are the prime factors of g(u)?
2, 5
Suppose -4*n + g = 214, 2*g - 39 = n + 18. Let s = n - -85. What are the prime factors of s?
2
Let m(j) = 2*j**2 + 10*j + 5. Let g(b) = b + 1. Let x(a) = -a**2 - 5*a - 6. Let z be x(-5). Let k(u) = z*g(u) + m(u). List the prime factors of k(-3).
5
Let y = 11 + -9. List the prime factors of (-1)/(y/(-6 - -2)).
2
List the prime factors of (17/(-2) - -1)/3*-110.
5, 11
Let x(f) = 2*f**3 - f**2 - 2*f + 2. Suppose -20 = 4*o, -4 - 1 = 4*r + 5*o. Let a be (-6 - -1)*(-2)/r. List the prime factors of x(a).
2, 5
Suppose 5*u - 59 = -n, u = 5*n - 3 - 6. What are the prime factors of -1 + u + (0 - 3)?
7
Suppose 3*x + 40 = 7*x. List the